-1 - -5) + (52 - (-46 + 97) - (-35 + -5))
45
1 + -40 - (-34 + (116 - 77))
-44
What is the value of -86 + (28 + 39 - 48)?
-67
What is the value of ((1 - 6) + 8 - (6 + 32 + -23)) + -6?
-18
Evaluate -20 + -55 + 0 + 31.
-44
Calculate (-7 + (10 - 11) - -14) + -69 + (1 - -12).
-50
What is (126 - (10 + 102)) + (0 - -1 - 16)?
-1
11 + (0 + 1 - 0) - (33 - (34 + 52))
65
What is (18 - 28) + -3 + 45 + 4 + -11?
25
What is the value of -116 + (27 + 39 - 24) + -1 + -3?
-78
Calculate (4 - -20) + 3 - ((14 - 48) + 42).
19
What is the value of -1 + -65 + (-7344 - -7449)?
39
26 - (-27 + 8) - 30
15
Evaluate 34 - ((2 - (-21 + 11)) + 25).
-3
What is the value of (0 - 17) + 420 + -443 - 5?
-45
Evaluate -11 - (-45 - -79 - 37).
-8
6 - (7 - -17) - -5
-13
What is 11 - (-1 + (-114 + 112 - (-3 - -5 - -1)))?
17
What is the value of -57 + (-111 - -143) + (18 - 1)?
-8
15 + -10 + -15 + (13 - -5) - 147
-139
What is -109 + -116 + 231 + 70?
76
What is the value of 37 - (-17 + (-93 + 9 - -21))?
117
What is the value of 0 - -5 - (-477 + 503 - (3 + 9 - 0))?
-9
What is 5 + (-9 - -45) + 1?
42
Calculate (0 - -3) + (-16 - -17 - -8 - 8) + -69.
-65
What is the value of (-3 - -4 - 4) + 9 + -15 + -31?
-40
Calculate (-40 - -25) + 73 - (-9 - ((8 - 4) + -4)).
67
What is the value of 93 + (34 - 145) - -26?
8
Evaluate 32 - 2 - (-14 + 74 - 41).
11
What is the value of 18 + 22 + (-10 - -13) + -32?
11
What is the value of -48 - (-62 + 67 - (-9 + 4 - -14))?
-44
What is the value of 6 + -1 + 0 - (-346 - -410) - 13?
-72
What is -1623 - -1568 - (-103 + 1)?
47
What is -2686 - -2593 - (-38 - 2)?
-53
Evaluate (-2479 - -2616) + (-10 - 5).
122
What is the value of (-18 - 6 - -36) + (-96 - 1) + 11?
-74
-43 + (24 - (36 - 2)) + 19
-34
Evaluate -28 + (26 - -202 - 50) + -36.
114
Calculate (2 - 1) + 5 + 20 + (11 - 18).
19
Calculate 12 + (-8 + 7 - 16) - (-20 + -1).
16
Evaluate -79 - -23 - (11 - (12 - 2) - 10).
-47
Calculate 3 + (-47 + -1 - -38).
-7
Calculate (-1 + 0 - -9) + (-55 - (46 + -99) - 10).
-4
Evaluate -18 - (5 - (-11 + -13 + -4)).
-51
28 + 9 + -23 - (8 - -22)
-16
What is (11 - (30 + 11)) + 50?
20
Calculate (-31 - 183 - -12) + 104.
-98
What is -2 - 12 - 1 - 4 - (-21 + 18 - 6)?
-10
Evaluate 46 - ((8 - (-9 + 27)) + (5 - -8)).
43
What is the value of -37 + (121 - (38 - (29 + -8)))?
67
What is 36 + (0 - -9) + -45?
0
35 + -48 - (4 - 1)
-16
What is the value of 72 + (-46 - -29 - 23)?
32
Evaluate 20 - (-7 + 21 + 29) - 1.
-24
Evaluate 43 + -48 - (13 - (-4 + -5)).
-27
What is the value of (-12 + 33 - 30) + 71 + -108?
-46
What is the value of 28 + 3 + -17 + (13 - 24) + -13?
-10
What is the value of -6 - -7 - (-176 + 132)?
45
Evaluate 2 + (2 - 16) - (91 + 3 + -34) - 5.
-77
(0 - 5) + (-30 - -43) - (7 + -9 + 29)
-19
Calculate 26 - -34 - 34 - 101.
-75
Calculate 83 - (105 - -9) - 46.
-77
Evaluate 4 - (-396 + 415 - (-11 + 0 + -1 + 2)).
-25
6 - (114 + -80 + -46)
18
-167 + (-19 + 49 - -61)
-76
What is the value of 115 + (-7 - (-4 - -81))?
31
Calculate -44 + (-43 + 99 - -19).
31
Evaluate 5 + 0 - (116 - (-4 - -3)) - (-1096 - -1093).
-109
Evaluate -52 - ((-18 + 0 - (-2 + -15)) + 1 + -4).
-48
What is the value of -297 + 140 + 147 + 2 + 42 + -1?
33
Evaluate 5 - (2 - 19 - (0 + (-14 - (-3 + -3)))).
14
Evaluate -73 + ((-3 - (11 + -9) - -4) + 9 - -3).
-62
What is (1 - 3) + (1 - 27) + 3 - (-21763 + 21762)?
-24
What is the value of ((7 - (19 - 10)) + -2 + 6 - -12) + -29?
-15
What is the value of (46 - (112 - 63)) + -26?
-29
What is the value of (2 - (-22 - -43)) + 12 - 0?
-7
What is the value of -53 + -4 + -1665 + 1669?
-53
Calculate (-15 - -10 - 42) + -13 + 18.
-42
Calculate -16 - (18 + -140 - (4 + -7 - 5)).
98
What is -62 + (180 - (-121 + 226))?
13
What is the value of -36 - (13 - 21 - 14)?
-14
What is the value of 16 + -12 + 13 + 7 + (-30 - -5 - -10)?
9
What is 12 - (17 + -14) - (11 + -45 + -5)?
48
Calculate (-62 - -144) + 7 - 137.
-48
What is the value of 544 - 519 - (44 - 1)?
-18
What is -27 + (24 - 6) + (-1 - (-6 - 123)) - 0?
119
Evaluate -7 + -3 + (-24 - -52) - (21 - 52).
49
Calculate 8128 + -8225 + -3 + 171.
71
Evaluate 8 + (-15 - -5 - 3 - (10 + -18)) + 30.
33
-1 + (-3 - -6) - -3 - (-10 + -56 - -68)
3
What is the value of -26 + (-2 + 26 - (30 + 5))?
-37
Calculate 70 + (29 - 61) + -13.
25
-15 + (-88 - ((-16 - (5 + -11)) + 21))
-114
What is the value of 54 - 45 - (3 + 17 - 0) - -10?
-1
Evaluate (7 - 13) + -35 + 20 + (-16 - 13).
-50
What is -18647 - -18625 - (93 - (0 + -1 + 3))?
-113
-21 + 6 + (-6 + -10 - 18)
-49
What is the value of 1 + (-36 + 17 - 12) - -9?
-21
-26 + 23 + 97 - (57 + -46)
83
-152 - -150 - (42 - 10)
-34
What is the value of -14 + -11 + 14 + 9 + -45 + 2 + -5?
-50
Calculate 0 + (29 - -65) + -43 - -17.
68
What is the value of 704 - 706 - ((-4 - 1) + (8 + -4 - 5))?
4
What is the value of -6 + -7 - ((4 - (-27 - -90)) + -20)?
66
Evaluate (13 - 24) + (-3 + 1 - 68) + -14.
-95
31 - (122 + -64) - -117
90
2 + 3 - (-9 + -39 + 2)
51
Calculate -9 + -10 - (-44 + -23 + 5).
43
Calculate (2 - (-5 - 14)) + (-358 - -341) - -106.
110
What is the value of 936 + -946 - (28 - (2 - 3))?
-39
What is the value of -17 + (-41 + 56 - (-3 + -1))?
2
What is -1047 + 1053 + 3 + 1 + 32?
42
What is the value of -25 + (15 - (12 + -13 - -39))?
-48
Calculate 0 + 3 + -1 + -76 + (160 - 148).
-62
What is the value of 2 + (-10 + (-59 - -27) - 61)?
-101
What is -663 + 561 + (1 - -124)?
23
Calculate 46 + (-61 - ((-41 - 20) + 33)).
13
What is the value of -18 + 919 + -901 + -13 + 1?
-12
Evaluate (74 - (238 + -145)) + 102.
83
What is 13 - (-6 + 0 + -63 + (141 - 69) + 10)?
0
359 - 342 - (1 - 45)
61
What is 74 + (16 - 49) + 54 - 12?
83
-100 - -59 - (-3 + 32 - 9)
-61
What is 26 + -79 - (-78 - -48)?
-23
52 + (-68 - (-40 - 5))
29
Evaluate 74 + -5 + (-34 - -14) + 14 + -1 + 2.
64
What is the value of -6 + 3 + 8 - (4304 + -4331)?
32
What is the value of (-1 - (-1 + 1)) + (-13 - (-20 + 29)) + 29?
6
18 + 100 + (-285 - -58)
-109
-1 - -85 - (73 + -12 + -62)
85
What is (-13 - 217) + 84 + 91?
-55
-51 + -21 + (-15 - (-67 + 13))
-33
-1 + (-23 - (17 + -25 + -16))
0
3 + -2 + 0 + (-23 + -7 - -8)
-21
Evaluate (-35 - (-7 + 63)) + 46.
-45
Calculate -227 + (87 + -97 - -126).
-111
What is (424 - 416) + (0 - -4) + -6?
6
What is -26 + 30 + -29 - -29 - 1?
3
426 - 437 - (-11 + -1) - -23
24
Calculate 16 - (50 + (20 - 11)).
-43
What is the value of 888 - 859 - (-1 + 25) - (-5 + 1)?
9
-8 - (-47 + -20 + 85)
-26
What is -14 + 15 + 64 + -9 + -8?
48
What is 5 - 11 - (-15 - 19)?
28
(14 - -63) + -95 + 25 + -2
5
92 + (47 - (-64 + 229))
-26
(79 - 74) + 0 + (1 - -21)
27
What is the value of (12 - -9) + (9 - (-3 - (2 + 0) - -7))?
28
25 + (-9 - 7) + (28 + -4 - 2)
31
Evaluate -128 - 3 - (-3136 + 3011).
-6
Calculate 45 + (-12 - 20 - 38).
-25
What is -2 - 18 - -11 - -13 - (-21 + -8)?
33
Calculate (-3 - (1 + -1)) + -45 + (16 - 1 - 9).
-42
What is (-1 - 0) + (30 - ((11 - -7) + 4))?
7
Evaluate -39 + 2 - 2 - 15.
-54
What is the value of (-16 + 8 - (-77 - -49)) + -1 + -103?
-84
What is 1 + -82 - ((85 - 76) + -3 + (3 - 10))?
-80
17 - (3 + 27) - (2 - 47)
32
-7 + 22 + 9 + (-21 - (-76 + 14))
65
-8 + 1 + 67 + (-7 - 2 - -4)
55
What is the value of -55 - (-18 + -10 - 43)?
16
What is the value of (13 - 35) + (-196 + 256 - (1 + 15))?
22
What is the value of (3626 - 3642) + -2 + (-26 - 2)?
-46
What is the value of -108 - ((20 - -55) + -82)?
-101
(-7 - 13 - -27) + -3 + -52
-48
Calculate (-19 - (-41 + 17)) + -11 - 52.
-58
What is 53 - ((50 - -3) + -16)?
16
What is -856 + 861 - ((2 - 3) + 8 - 4 - -5)?
-3
What is the value of -42 - (-1 + 50 + -76)?
-15
-7100 - -7067 - (6 - (-1 - -1))
-39
What is the value of -235 + 284 + 1 + -37?
13
What is (-42 - (25 + 18)) + 23 - (-4 - -1)?
-59
Calculate 45 + (-85 - -36) + -6.
-10
Evaluate 18 + (-99 - -99) - -95.
113
Evaluate 516 - 543 - (-79 - -29).
23
Evaluate (-2 - (-13 - 1)) + -62 + 20 + -3.
-33
What is -145 - -274 - (-18 - -51)?
96
What is the value of 130 + (-12 - -5) - ((10 - -6 - 10) + 7)?
110
What is (7 - -54 - 34) + -17?
10
Calculate -6 - (116 - (1 + -1 + (-60 - -18) + 40)).
-124
Evaluate (28 + -6 + 4 + -16 - 18) + (-70 - -2).
-76
What is the value of 22 + -92 + (-18 - -24 - (0 + 1))?
-65
Calculate 18 - (41 + 199 + -137).
-85
What is (-12 - ((68 - 90) + 12 + 1)) + 70?
67
What is 3 + -5 + 3 - 7 - (301 - 316)?
9
What is 6 + -1 + (81 - -39) - (54 + -49)?
120
Calculate 5 + (18